2?
2
What is the hundred thousands digit of 863002779?
0
What is the units digit of 23067513?
3
What is the tens digit of 2500921345?
4
What is the tens digit of 3137009789?
8
What is the millions digit of 174705428?
4
What is the tens digit of 3181120?
2
What is the hundreds digit of 208357790?
7
What is the ten millions digit of 28540504?
2
What is the hundred thousands digit of 466095348?
0
What is the hundred millions digit of 2443359238?
4
What is the ten thousands digit of 156541733?
4
What is the ten thousands digit of 119298785?
9
What is the hundred thousands digit of 2239065643?
0
What is the ten thousands digit of 1541574718?
7
What is the units digit of 763496047?
7
What is the ten thousands digit of 1872625?
7
What is the tens digit of 707216609?
0
What is the ten thousands digit of 1477066829?
6
What is the hundreds digit of 29808367?
3
What is the tens digit of 4386703257?
5
What is the ten millions digit of 101481588?
0
What is the thousands digit of 75188315?
8
What is the thousands digit of 1898401284?
1
What is the hundred thousands digit of 774560682?
5
What is the millions digit of 750968368?
0
What is the units digit of 62401812?
2
What is the thousands digit of 13417608?
7
What is the ten thousands digit of 255281361?
8
What is the hundreds digit of 357146639?
6
What is the ten millions digit of 707042647?
0
What is the units digit of 146323352?
2
What is the ten thousands digit of 3542412028?
1
What is the millions digit of 384107016?
4
What is the hundred thousands digit of 221160473?
1
What is the hundred thousands digit of 929981911?
9
What is the millions digit of 77940793?
7
What is the millions digit of 24167224?
4
What is the thousands digit of 139227648?
7
What is the hundred millions digit of 184119818?
1
What is the hundred millions digit of 3022058604?
0
What is the millions digit of 2185209755?
5
What is the hundred thousands digit of 65475752?
4
What is the units digit of 9430618?
8
What is the millions digit of 3498222241?
8
What is the hundred millions digit of 380460349?
3
What is the ten thousands digit of 4448579573?
7
What is the tens digit of 59780525?
2
What is the ten millions digit of 6010493568?
1
What is the hundred thousands digit of 84373885?
3
What is the ten millions digit of 2550172621?
5
What is the units digit of 4020776052?
2
What is the tens digit of 294294235?
3
What is the millions digit of 330370681?
0
What is the hundreds digit of 103331280?
2
What is the thousands digit of 179488754?
8
What is the thousands digit of 471784242?
4
What is the ten millions digit of 70525296?
7
What is the units digit of 191052794?
4
What is the units digit of 647704547?
7
What is the millions digit of 318032637?
8
What is the units digit of 344076657?
7
What is the units digit of 51880342?
2
What is the thousands digit of 220745284?
5
What is the thousands digit of 162600549?
0
What is the ten thousands digit of 535494111?
9
What is the ten thousands digit of 470789073?
8
What is the ten millions digit of 55319248?
5
What is the hundreds digit of 112827901?
9
What is the hundred millions digit of 150169308?
1
What is the tens digit of 147113803?
0
What is the billions digit of 1938754081?
1
What is the hundred thousands digit of 115539063?
5
What is the billions digit of 2637161648?
2
What is the units digit of 166282330?
0
What is the hundreds digit of 760014007?
0
What is the ten thousands digit of 4418438?
1
What is the tens digit of 1777541117?
1
What is the units digit of 204902269?
9
What is the ten millions digit of 598004726?
9
What is the units digit of 633578420?
0
What is the ten thousands digit of 32771847?
7
What is the tens digit of 67218416?
1
What is the ten thousands digit of 58885962?
8
What is the units digit of 434368012?
2
What is the hundreds digit of 7599077400?
4
What is the hundred millions digit of 779303174?
7
What is the tens digit of 26045695?
9
What is the hundred thousands digit of 307868046?
8
What is the hundred millions digit of 1687222939?
6
What is the hundred thousands digit of 543638049?
6
What is the tens digit of 537147296?
9
What is the thousands digit of 12552915?
2
What is the hundreds digit of 3553696992?
9
What is the hundred millions digit of 1872527617?
8
What is the millions digit of 279256560?
9
What is the hundreds digit of 5724301796?
7
What is the billions digit of 2112835340?
2
What is the billions digit of 1287216019?
1
What is the units digit of 836926364?
4
What is the hundred thousands digit of 4934159?
9
What is the units digit of 4524539?
9
What is the millions digit of 4376451053?
6
What is the tens digit of 557939695?
9
What is the hundred thousands digit of 12416535?
4
What is the tens digit of 14437701?
0
What is the tens digit of 249080360?
6
What is the ten thousands digit of 60358978?
5
What is the hundreds digit of 350274837?
8
What is the ten thousands digit of 1993705601?
0
What is the tens digit of 708380463?
6
What is the units digit of 132553610?
0
What is the millions digit of 2114515072?
4
What is the ten thousands digit of 1204254371?
5
What is the millions digit of 448048394?
8
What is the hundreds digit of 32066054?
0
What is the millions digit of 32424431?
2
What is the billions digit of 2648129788?
2
What is the ten millions digit of 3144945687?
4
What is the billions digit of 2234103870?
2
What is the hundreds digit of 5122777820?
8
What is the thousands digit of 147534557?
4
What is the millions digit of 11721611?
1
What is the thousands digit of 82921806?
1
What is the hundred thousands digit of 1788854879?
8
What is the hundred thousands digit of 948863824?
8
What is the hundred millions digit of 131024858?
1
What is the hundred millions digit of 736048573?
7
What is the hundreds digit of 20111525?
5
What is the ten thousands digit of 95764537?
6
What is the units digit of 443689992?
2
What is the tens digit of 49726388?
8
What is the tens digit of 939626869?
6
What is the hundred thousands digit of 17594921?
5
What is the hundreds digit of 14844669?
6
What is the hundred thousands digit of 56594486?
5
What is the ten millions digit of 59703794?
5
What is the ten thousands digit of 29653765?
5
What is the millions digit of 22314996?
2
What is the hundred thousands digit of 4016891?
0
What is the ten thousands digit of 585001604?
0
What is the billions digit of 3045375440?
3
What is the ten millions digit of 51174222?
5
What is the hundred thousands digit of 447781049?
7
What is the ten millions digit of 161774824?
6
What is the thousands digit of 22226356?
6
What is the hundred millions digit of 277282452?
2
What is the hundreds digit of 546084464?
4
What is the hundred millions digit of 578986151?
5
What is the units digit of 552379199?
9
What is the tens digit of 555934?
3
What is the hundred thousands digit of 1508952331?
9
What is the hundreds digit of 2495696190?
1
What is the hundreds digit of 194938297?
2
What is the ten thousands digit of 260705118?
0
What is the hundred millions digit of 661953108?
6
What is the thousands digit of 566602769?
2
What is the hundred thousands digit of 19738293?
7
What is the thousands digit of 174611422?
1
What is the millions digit of 748047183?
8
What is the units digit of 30489894?
4
What is the millions digit of 3709214?
3
What is the ten millions digit of 694584317?
9
What is the tens digit of 104361575?
7
What is the tens digit of 169327852?
5
What is the tens digit of 2556760097?
9
What is the hundred millions digit of 2265962078?
2
What is the hundred millions digit of 2687053011?
6
What is the hundred thousands digit of 4372001935?
0
What is the ten thousands digit of 371459948?
5
What is the tens digit of 13421798?
9
What is the thousands digit of 92509865?
9
What is the tens digit of 62998236?
3
What is the thousands digit of 11548474?
8
What is the millions digit of 2345795167?
5
What is the millions digit of 19874147?
9
What is the ten thousands digit of 49255418?
5
What is the tens digit of 61107577?
7
What is the thousands digit of 38945211?
5
What is the millions digit of 15480333?
5
What is the thousands digit of 1842886823?
6
What is the millions digit of 736945772?
6
What is the thousands digit of 505601826?
1
What is the hundreds digit of 35628977?
9
What 